n factor of 219323 and 1313?
13
Calculate the greatest common factor of 236 and 530764.
236
Calculate the greatest common divisor of 34788 and 78.
78
What is the greatest common factor of 5648 and 388300?
1412
Calculate the greatest common divisor of 15762 and 497.
71
What is the highest common divisor of 150990 and 11970?
210
What is the highest common factor of 49258 and 1474?
22
Calculate the highest common divisor of 66 and 7494.
6
What is the highest common divisor of 79 and 1341341?
79
Calculate the greatest common divisor of 10923 and 7557.
33
Calculate the highest common divisor of 484 and 23584.
44
Calculate the greatest common divisor of 663 and 252161.
221
Calculate the greatest common factor of 1090 and 775535.
545
Calculate the highest common factor of 68841 and 27.
9
Calculate the highest common factor of 322 and 5600.
14
What is the greatest common divisor of 220 and 145310?
110
Calculate the greatest common divisor of 135 and 455670.
45
Calculate the greatest common factor of 35280 and 187670.
490
Calculate the highest common divisor of 3332 and 343.
49
Calculate the greatest common factor of 910 and 2405.
65
Calculate the greatest common factor of 372 and 705498.
186
Calculate the highest common factor of 1068 and 19416.
12
What is the highest common factor of 4968 and 917217?
621
Calculate the highest common factor of 27 and 502011.
27
Calculate the highest common divisor of 104 and 6096.
8
What is the greatest common factor of 8810 and 470?
10
What is the highest common factor of 2714 and 8648?
46
Calculate the greatest common divisor of 278057 and 403.
13
What is the greatest common factor of 1672 and 5624?
152
Calculate the greatest common factor of 84 and 10884.
12
What is the greatest common divisor of 7714 and 215789?
203
What is the greatest common factor of 1368 and 43947?
171
Calculate the greatest common factor of 3179115 and 405.
135
What is the highest common factor of 528 and 978648?
264
Calculate the highest common factor of 40293 and 121.
121
What is the highest common divisor of 20032 and 512?
64
Calculate the greatest common factor of 4920 and 48.
24
Calculate the highest common divisor of 1589235 and 3030.
1515
What is the highest common divisor of 72593 and 229?
229
What is the greatest common divisor of 45360 and 10?
10
What is the highest common factor of 37 and 111703?
37
What is the greatest common divisor of 132498 and 72?
18
What is the greatest common divisor of 402944 and 256?
256
Calculate the highest common divisor of 420871 and 209.
11
What is the greatest common divisor of 41945 and 100?
5
What is the greatest common factor of 20840 and 40?
40
What is the highest common factor of 9 and 458?
1
What is the highest common factor of 100 and 121?
1
What is the highest common factor of 36482 and 89726?
986
What is the highest common factor of 792 and 1111506?
66
Calculate the greatest common divisor of 306909 and 5103.
729
What is the highest common factor of 152 and 72428?
76
Calculate the highest common factor of 72419 and 417.
139
What is the greatest common divisor of 148 and 42772?
148
Calculate the highest common divisor of 488 and 1987624.
488
Calculate the highest common factor of 9 and 1887.
3
Calculate the greatest common factor of 36112 and 888.
296
What is the greatest common divisor of 1416843 and 27?
9
What is the greatest common factor of 195 and 562365?
15
Calculate the highest common divisor of 483489 and 35433.
1143
Calculate the highest common factor of 471449 and 11.
11
Calculate the greatest common divisor of 1624 and 170317.
203
What is the highest common factor of 345 and 66945?
15
What is the greatest common factor of 18 and 137457?
9
Calculate the greatest common factor of 2150 and 764110.
430
Calculate the greatest common factor of 23002 and 5600.
14
Calculate the highest common divisor of 41924 and 3196.
188
Calculate the highest common divisor of 33188 and 8.
4
Calculate the greatest common divisor of 840 and 11580.
60
Calculate the highest common divisor of 360960 and 47.
47
Calculate the highest common factor of 93874 and 374.
374
Calculate the highest common factor of 292 and 2219054.
146
What is the highest common factor of 76064 and 64?
32
What is the highest common divisor of 261 and 3465819?
261
Calculate the greatest common divisor of 40512 and 57814.
422
Calculate the greatest common divisor of 274380 and 2295.
255
What is the highest common factor of 76 and 43972?
4
Calculate the greatest common factor of 675 and 11075.
25
What is the greatest common factor of 50 and 2249975?
25
What is the highest common divisor of 1302940 and 60?
20
Calculate the highest common divisor of 350 and 2170.
70
Calculate the highest common divisor of 1854 and 1751.
103
Calculate the greatest common factor of 17316 and 1972100.
1924
What is the greatest common divisor of 7869515 and 95?
95
Calculate the greatest common divisor of 741710 and 17.
17
Calculate the greatest common divisor of 191592 and 24.
24
What is the highest common divisor of 4765419 and 27?
27
Calculate the greatest common divisor of 120 and 820920.
120
What is the highest common factor of 18457975 and 25?
25
What is the greatest common divisor of 17 and 334577?
17
What is the greatest common divisor of 83378 and 611?
47
Calculate the greatest common factor of 1235 and 144495.
1235
What is the greatest common factor of 18724 and 13892?
604
What is the highest common factor of 47 and 61993?
47
What is the highest common factor of 194186 and 1208?
302
Calculate the highest common factor of 1664887 and 861.
287
Calculate the highest common factor of 497035 and 55.
55
Calculate the greatest common factor of 18996 and 636.
12
What is the highest common factor of 950942 and 326?
326
What is the greatest common divisor of 4355001 and 63?
63
Calculate the greatest common divisor of 192 and 67008.
192
Calculate the highest common divisor of 53060 and 490.
70
Calculate the greatest common divisor of 1515140 and 970.
970
What is the greatest common divisor of 4546480 and 1360?
1360
What is the greatest common factor of 44640 and 6480?
720
Calculate the highest common divisor of 9974796 and 1118.
1118
Calculate the highest common factor of 1331 and 737.
11
Calculate the greatest common factor of 28647 and 144.
9
Calculate the highest common factor of 1062 and 3114.
18
What is the greatest common divisor of 32142 and 147074?
974
Calculate the greatest common factor of 119188 and 830.
166
Calculate the greatest common divisor of 245101 and 393.
131
Calculate the highest common divisor of 133600 and 140.
20
Calculate the greatest common divisor of 20659 and 1022.
73
What is the greatest common factor of 139644 and 48?
12
Calculate the highest common divisor of 54607 and 1345.
269
What is the greatest common factor of 1050 and 1386525?
525
What is the highest common divisor of 2 and 42248?
2
What is the greatest common factor of 176 and 121264?
176
Calculate the highest common divisor of 316 and 12561.
79
What is the highest common divisor of 278866 and 56?
14
What is the greatest common divisor of 2879 and 64?
1
Calculate the greatest common divisor of 687 and 42.
3
What is the greatest common factor of 66 and 70026?
66
Calculate the highest common factor of 7 and 234367.
7
Calculate the greatest common divisor of 180132 and 51.
51
What is the highest common divisor of 429 and 5421?
39
Calculate the greatest common divisor of 30 and 4523290.
10
What is the highest common divisor of 30 and 1691340?
30
Calculate the greatest common divisor of 2831 and 2660.
19
Calculate the highest common factor of 15 and 403770.
15
Calculate the highest common factor of 56200 and 6463.
281
Calculate the greatest common factor of 909930 and 147.
147
What is the highest common divisor of 99432 and 8?
8
What is the greatest common factor of 23 and 36823?
23
What is the highest common factor of 24739 and 209?
11
Calculate the greatest common divisor of 3651195 and 705.
705
What is the greatest common divisor of 882 and 413364?
294
What is the highest common divisor of 165 and 19485?
15
What is the highest common divisor of 2520 and 12040?
280
Calculate the highest common divisor of 87813 and 297.
99
What is the greatest common factor of 726 and 1859